{"id":5855,"date":"2026-04-30T08:27:35","date_gmt":"2026-04-30T08:27:35","guid":{"rendered":"https:\/\/michael-kalb.de\/?post_type=jetpack-portfolio&#038;p=5855"},"modified":"2026-04-30T08:29:26","modified_gmt":"2026-04-30T08:29:26","slug":"the-cycle-of-conquest-at","status":"publish","type":"jetpack-portfolio","link":"https:\/\/michael-kalb.de\/en\/portfolio\/the-cycle-of-conquest-at\/","title":{"rendered":"The Cycle of Conquest (WT)"},"content":{"rendered":"<h5 class=\"wp-block-heading has-black-color has-text-color\">Documentary \/ approx. 80 min. \/ completion est. in 2027<\/h5>\n\n\n\n<p>A Brazilian filmmaker living in Germany receives a television assignment to report on the social conflicts surrounding the UN Climate Change Conference in Bel\u00e9m. Her journey takes her to indigenous communities, activists, and their industrial opponents along the Amazon. But the closer she gets to these people, the more she questions her role: Can she tell their story of resistance when she herself is part of the media and power structures? A film about climate politics, colonial continuities, and the conditions under which images are created.<\/p>\n\n\n<div class=\"wp-block-image\">\n<figure class=\"aligncenter size-full is-resized\"><img loading=\"lazy\" decoding=\"async\" width=\"1037\" height=\"725\" src=\"https:\/\/michael-kalb.de\/wp-content\/uploads\/2026\/04\/CycleOfConquest.jpg\" alt=\"\" class=\"wp-image-5858\" style=\"width:500px\" srcset=\"https:\/\/michael-kalb.de\/wp-content\/uploads\/2026\/04\/CycleOfConquest.jpg 1037w, https:\/\/michael-kalb.de\/wp-content\/uploads\/2026\/04\/CycleOfConquest-300x210.jpg 300w, https:\/\/michael-kalb.de\/wp-content\/uploads\/2026\/04\/CycleOfConquest-1024x716.jpg 1024w, https:\/\/michael-kalb.de\/wp-content\/uploads\/2026\/04\/CycleOfConquest-768x537.jpg 768w, https:\/\/michael-kalb.de\/wp-content\/uploads\/2026\/04\/CycleOfConquest-18x12.jpg 18w, https:\/\/michael-kalb.de\/wp-content\/uploads\/2026\/04\/CycleOfConquest-800x559.jpg 800w, https:\/\/michael-kalb.de\/wp-content\/uploads\/2026\/04\/CycleOfConquest-257x180.jpg 257w\" sizes=\"auto, (max-width: 1037px) 100vw, 1037px\" \/><\/figure>\n<\/div>\n\n\n<div style=\"height:50px\" aria-hidden=\"true\" class=\"wp-block-spacer\"><\/div>\n\n\n\n<hr class=\"wp-block-separator has-alpha-channel-opacity\"\/>\n\n\n\n<div style=\"height:50px\" aria-hidden=\"true\" class=\"wp-block-spacer\"><\/div>\n\n\n\n<h4 class=\"wp-block-heading\">Crew:<\/h4>\n\n\n\n<p class=\"has-black-color has-text-color\">Script and Director: Denize Gali\u00e3o<br>DoP: Dino Osmanovi\u0107<br>Producer (Brasilien): Claus R\u00fcgner<\/p>\n\n\n\n<p>Commissioning Editor ZDF: Lucia Haslauer<\/p>\n\n\n\n<p class=\"has-black-color has-text-color\">A coproduction of the ZDF \/ Das kleine Fernsehspiel.<br>Treatment funded by <img loading=\"lazy\" decoding=\"async\" width=\"15\" height=\"15\" class=\"wp-image-38\" style=\"width: 15px;\" src=\"michael-kalb.de\/wp-content\/uploads\/2021\/05\/external-link.png\" alt=\"\" srcset=\"https:\/\/michael-kalb.de\/wp-content\/uploads\/2021\/05\/external-link.png 256w, https:\/\/michael-kalb.de\/wp-content\/uploads\/2021\/05\/external-link-150x150.png 150w, https:\/\/michael-kalb.de\/wp-content\/uploads\/2021\/05\/external-link-180x180.png 180w\" sizes=\"auto, (max-width: 15px) 100vw, 15px\" \/><a href=\"https:\/\/www.fff-bayern.de\/\" data-type=\"URL\" data-id=\"https:\/\/www.fff-bayern.de\/\" target=\"_blank\" rel=\"noreferrer noopener\">FilmFernsehFonds Bayern<\/a><\/p>\n\n\n\n<p class=\"has-black-color has-text-color\"><img loading=\"lazy\" decoding=\"async\" width=\"100\" height=\"60\" class=\"wp-image-407\" style=\"width: 100px;\" src=\"https:\/\/michael-kalb.de\/wp-content\/uploads\/2021\/07\/ZDF_Logo.png\" alt=\"\">     <img loading=\"lazy\" decoding=\"async\" width=\"100\" height=\"60\" class=\"wp-image-416\" style=\"width: 100px;\" src=\"https:\/\/michael-kalb.de\/wp-content\/uploads\/2021\/05\/FFF_Logo.png\" alt=\"\">\u00a0\u00a0\u00a0\u00a0\u00a0\u00a0\u00a0\u00a0\u00a0\u00a0<\/p>","protected":false},"excerpt":{"rendered":"<p>Dokumentarfilm \/ ca. 80 Min. \/ Fertigstellung in 2027 Eine in Deutschland lebende, brasilianische Filmemacherin erh\u00e4lt einen TV-Auftrag. Sie soll \u00fcber die sozialen Konflikte anl\u00e4sslich der Weltklimakonferenz in Bel\u00e9m berichten. Die Reise f\u00fchrt sie zu indigenen Gemeinschaften, Aktivisten und deren Gegnern in der Industrie entlang des Amazonas. Doch je n\u00e4her sie den Menschen kommt, desto&hellip;<\/p>","protected":false},"author":1,"featured_media":5858,"comment_status":"closed","ping_status":"closed","template":"","format":"standard","meta":{"footnotes":""},"jetpack-portfolio-type":[],"jetpack-portfolio-tag":[],"class_list":["post-5855","jetpack-portfolio","type-jetpack-portfolio","status-publish","format-standard","has-post-thumbnail","hentry","empty-entry-meta","portfolio-entry"],"jetpack_sharing_enabled":true,"_links":{"self":[{"href":"https:\/\/michael-kalb.de\/en\/wp-json\/wp\/v2\/jetpack-portfolio\/5855","targetHints":{"allow":["GET"]}}],"collection":[{"href":"https:\/\/michael-kalb.de\/en\/wp-json\/wp\/v2\/jetpack-portfolio"}],"about":[{"href":"https:\/\/michael-kalb.de\/en\/wp-json\/wp\/v2\/types\/jetpack-portfolio"}],"author":[{"embeddable":true,"href":"https:\/\/michael-kalb.de\/en\/wp-json\/wp\/v2\/users\/1"}],"replies":[{"embeddable":true,"href":"https:\/\/michael-kalb.de\/en\/wp-json\/wp\/v2\/comments?post=5855"}],"version-history":[{"count":2,"href":"https:\/\/michael-kalb.de\/en\/wp-json\/wp\/v2\/jetpack-portfolio\/5855\/revisions"}],"predecessor-version":[{"id":5859,"href":"https:\/\/michael-kalb.de\/en\/wp-json\/wp\/v2\/jetpack-portfolio\/5855\/revisions\/5859"}],"wp:featuredmedia":[{"embeddable":true,"href":"https:\/\/michael-kalb.de\/en\/wp-json\/wp\/v2\/media\/5858"}],"wp:attachment":[{"href":"https:\/\/michael-kalb.de\/en\/wp-json\/wp\/v2\/media?parent=5855"}],"wp:term":[{"taxonomy":"jetpack-portfolio-type","embeddable":true,"href":"https:\/\/michael-kalb.de\/en\/wp-json\/wp\/v2\/jetpack-portfolio-type?post=5855"},{"taxonomy":"jetpack-portfolio-tag","embeddable":true,"href":"https:\/\/michael-kalb.de\/en\/wp-json\/wp\/v2\/jetpack-portfolio-tag?post=5855"}],"curies":[{"name":"wp","href":"https:\/\/api.w.org\/{rel}","templated":true}]}}

<h5 class="wp-block-heading has-black-color has-text-color">Documentary / approx. 80 min. / completion est. in 2027</h5>



<p>A Brazilian filmmaker living in Germany receives a television assignment to report on the social conflicts surrounding the UN Climate Change Conference in Belém. Her journey takes her to indigenous communities, activists, and their industrial opponents along the Amazon. But the closer she gets to these people, the more she questions her role: Can she tell their story of resistance when she herself is part of the media and power structures? A film about climate politics, colonial continuities, and the conditions under which images are created.</p>


<div class="wp-block-image">
<figure class="aligncenter size-full is-resized"><img loading="lazy" decoding="async" width="1037" height="725" src="https://michael-kalb.de/wp-content/uploads/2026/04/CycleOfConquest.jpg" alt="" class="wp-image-5858" style="width:500px" srcset="https://michael-kalb.de/wp-content/uploads/2026/04/CycleOfConquest.jpg 1037w, https://michael-kalb.de/wp-content/uploads/2026/04/CycleOfConquest-300x210.jpg 300w, https://michael-kalb.de/wp-content/uploads/2026/04/CycleOfConquest-1024x716.jpg 1024w, https://michael-kalb.de/wp-content/uploads/2026/04/CycleOfConquest-768x537.jpg 768w, https://michael-kalb.de/wp-content/uploads/2026/04/CycleOfConquest-18x12.jpg 18w, https://michael-kalb.de/wp-content/uploads/2026/04/CycleOfConquest-800x559.jpg 800w, https://michael-kalb.de/wp-content/uploads/2026/04/CycleOfConquest-257x180.jpg 257w" sizes="auto, (max-width: 1037px) 100vw, 1037px" /></figure>
</div>


<div style="height:50px" aria-hidden="true" class="wp-block-spacer"></div>



<hr class="wp-block-separator has-alpha-channel-opacity"/>



<div style="height:50px" aria-hidden="true" class="wp-block-spacer"></div>



<h4 class="wp-block-heading">Crew:</h4>



<p class="has-black-color has-text-color">Script and Director: Denize Galião<br>DoP: Dino Osmanović<br>Producer (Brasilien): Claus Rügner</p>



<p>Commissioning Editor ZDF: Lucia Haslauer</p>



<p class="has-black-color has-text-color">A coproduction of the ZDF / Das kleine Fernsehspiel.<br>Treatment funded by <img loading="lazy" decoding="async" width="15" height="15" class="wp-image-38" style="width: 15px;" src="michael-kalb.de/wp-content/uploads/2021/05/external-link.png" alt="" srcset="https://michael-kalb.de/wp-content/uploads/2021/05/external-link.png 256w, https://michael-kalb.de/wp-content/uploads/2021/05/external-link-150x150.png 150w, https://michael-kalb.de/wp-content/uploads/2021/05/external-link-180x180.png 180w" sizes="auto, (max-width: 15px) 100vw, 15px" /><a href="https://www.fff-bayern.de/" data-type="URL" data-id="https://www.fff-bayern.de/" target="_blank" rel="noreferrer noopener">FilmFernsehFonds Bayern</a></p>



<p class="has-black-color has-text-color"><img loading="lazy" decoding="async" width="100" height="60" class="wp-image-407" style="width: 100px;" src="https://michael-kalb.de/wp-content/uploads/2021/07/ZDF_Logo.png" alt="">     <img loading="lazy" decoding="async" width="100" height="60" class="wp-image-416" style="width: 100px;" src="https://michael-kalb.de/wp-content/uploads/2021/05/FFF_Logo.png" alt="">          </p>

<p>Dokumentarfilm / ca. 80 Min. / Fertigstellung in 2027 Eine in Deutschland lebende, brasilianische Filmemacherin erhält einen TV-Auftrag. Sie soll über die sozialen Konflikte anlässlich der Weltklimakonferenz in Belém berichten. Die Reise führt sie zu indigenen Gemeinschaften, Aktivisten und deren Gegnern in der Industrie entlang des Amazonas. Doch je näher sie den Menschen kommt, desto&hellip;</p>
